 the prime factors of 2374?
2, 1187
List the prime factors of 28106.
2, 13, 23, 47
List the prime factors of 28753.
28753
What are the prime factors of 7543?
19, 397
List the prime factors of 2438.
2, 23, 53
What are the prime factors of 3156?
2, 3, 263
What are the prime factors of 3941?
7, 563
List the prime factors of 34892.
2, 11, 13, 61
What are the prime factors of 32893?
7, 37, 127
List the prime factors of 60276.
2, 3, 5023
List the prime factors of 4987.
4987
List the prime factors of 245.
5, 7
List the prime factors of 12158.
2, 6079
List the prime factors of 4721.
4721
What are the prime factors of 20549?
20549
What are the prime factors of 3677?
3677
What are the prime factors of 930?
2, 3, 5, 31
What are the prime factors of 193?
193
List the prime factors of 2297.
2297
List the prime factors of 5372.
2, 17, 79
What are the prime factors of 6655?
5, 11
List the prime factors of 8135.
5, 1627
What are the prime factors of 197663?
157, 1259
What are the prime factors of 4741?
11, 431
List the prime factors of 831.
3, 277
List the prime factors of 60559.
23, 2633
What are the prime factors of 20006?
2, 7, 1429
What are the prime factors of 1155?
3, 5, 7, 11
What are the prime factors of 5442?
2, 3, 907
What are the prime factors of 20767?
19, 1093
What are the prime factors of 4018?
2, 7, 41
List the prime factors of 4984.
2, 7, 89
List the prime factors of 58233.
3, 7, 47, 59
List the prime factors of 1204.
2, 7, 43
List the prime factors of 2966.
2, 1483
What are the prime factors of 7274?
2, 3637
List the prime factors of 3767.
3767
What are the prime factors of 24516?
2, 3, 227
List the prime factors of 609.
3, 7, 29
What are the prime factors of 8742?
2, 3, 31, 47
List the prime factors of 3312.
2, 3, 23
What are the prime factors of 3276?
2, 3, 7, 13
What are the prime factors of 3018?
2, 3, 503
List the prime factors of 275.
5, 11
List the prime factors of 3604.
2, 17, 53
List the prime factors of 3930.
2, 3, 5, 131
What are the prime factors of 17808?
2, 3, 7, 53
List the prime factors of 9959.
23, 433
List the prime factors of 15343.
67, 229
List the prime factors of 2911.
41, 71
List the prime factors of 5445.
3, 5, 11
List the prime factors of 92514.
2, 3, 17, 907
What are the prime factors of 7468?
2, 1867
What are the prime factors of 14233?
43, 331
List the prime factors of 2256.
2, 3, 47
List the prime factors of 1182.
2, 3, 197
What are the prime factors of 721?
7, 103
List the prime factors of 82135.
5, 16427
List the prime factors of 687.
3, 229
What are the prime factors of 378?
2, 3, 7
What are the prime factors of 35060?
2, 5, 1753
List the prime factors of 27199.
59, 461
What are the prime factors of 1198?
2, 599
What are the prime factors of 5342?
2, 2671
List the prime factors of 5425.
5, 7, 31
List the prime factors of 542.
2, 271
What are the prime factors of 8645?
5, 7, 13, 19
What are the prime factors of 13214?
2, 6607
List the prime factors of 133975.
5, 23, 233
What are the prime factors of 708?
2, 3, 59
List the prime factors of 1940.
2, 5, 97
What are the prime factors of 6823?
6823
List the prime factors of 29532.
2, 3, 23, 107
What are the prime factors of 20080?
2, 5, 251
What are the prime factors of 18867?
3, 19, 331
List the prime factors of 3741.
3, 29, 43
List the prime factors of 969.
3, 17, 19
List the prime factors of 871.
13, 67
What are the prime factors of 2766?
2, 3, 461
List the prime factors of 104660.
2, 5, 5233
What are the prime factors of 3567?
3, 29, 41
What are the prime factors of 60762?
2, 3, 13, 19, 41
List the prime factors of 7088.
2, 443
What are the prime factors of 2480?
2, 5, 31
List the prime factors of 78303.
3, 43, 607
What are the prime factors of 11151?
3, 7, 59
What are the prime factors of 1880?
2, 5, 47
What are the prime factors of 1036?
2, 7, 37
List the prime factors of 10513.
10513
List the prime factors of 75401.
75401
What are the prime factors of 13964?
2, 3491
List the prime factors of 76702.
2, 38351
What are the prime factors of 2266?
2, 11, 103
List the prime factors of 30542.
2, 15271
What are the prime factors of 4834?
2, 2417
List the prime factors of 2647.
2647
List the prime factors of 2054.
2, 13, 79
What are the prime factors of 665?
5, 7, 19
List the prime factors of 1133.
11, 103
List the prime factors of 2032.
2, 127
List the prime factors of 24445.
5, 4889
What are the prime factors of 11821?
11821
What are the prime factors of 22312?
2, 2789
List the prime factors of 5119.
5119
What are the prime factors of 11950?
2, 5, 239
What are the prime factors of 1794?
2, 3, 13, 23
List the prime factors of 5494.
2, 41, 67
What are the prime factors of 35807?
61, 587
List the prime factors of 10728.
2, 3, 149
What are the prime factors of 1230?
2, 3, 5, 41
What are the prime factors of 12708?
2, 3, 353
List the prime factors of 386.
2, 193
What are the prime factors of 111541?
71, 1571
List the prime factors of 1371.
3, 457
List the prime factors of 30204.
2, 3, 839
What are the prime factors of 27544?
2, 11, 313
List the prime factors of 21814.
2, 13, 839
List the prime factors of 20766.
2, 3, 3461
List the prime factors of 5473.
13, 421
What are the prime factors of 45539?
13, 31, 113
What are the prime factors of 11908?
2, 13, 229
List the prime factors of 5609.
71, 79
What are the prime factors of 2462?
2, 1231
List the prime factors of 41690.
2, 5, 11, 379
What are the prime factors of 3276?
2, 3, 7, 13
What are the prime factors of 16409?
61, 269
What are the prime factors of 666?
2, 3, 37
List the prime factors of 247.
13, 19
List the prime factors of 6918.
2, 3, 1153
List the prime factors of 1822.
2, 911
What are the prime factors of 95339?
95339
What are the prime factors of 7005?
3, 5, 467
What are the prime factors of 25637?
31, 827
List the prime factors of 10326.
2, 3, 1721
List the prime factors of 50500.
2, 5, 101
What are the prime factors of 7405?
5, 1481
List the prime factors of 3610.
2, 5, 19
List the prime factors of 22521.
3, 7507
List the prime factors of 3793.
3793
List the prime factors of 38848.
2, 607
List the prime factors of 47708.
2, 11927
What are the prime factors of 7899?
3, 2633
List the prime factors of 52212.
2, 3, 19, 229
List the prime factors of 101278.
2, 79, 641
List the prime factors of 5701.
5701
What are the prime factors of 1544?
2, 193
List the prime factors of 28970.
2, 5, 2897
What are the prime factors of 2235?
3, 5, 149
What are the prime factors of 24865?
5, 4973
List the prime factors of 3807.
3, 47
What are the prime factors of 10208?
2, 11, 29
List the prime factors of 43827.
3, 7, 2087
What are the prime factors of 9460?
2, 5, 11, 43
List the prime factors of 2177.
7, 311
What are the prime factors of 2538?
2, 3, 47
What are the prime factors of 2620?
2, 5, 131
List the prime factors of 679.
7, 97
What are the prime factors of 3391?
3391
List the prime factors of 1260.
2, 3, 5, 7
What are the prime factors of 1230?
2, 3, 5, 41
What are the prime factors of 60539?
60539
What are the prime factors of 512?
2
List the prime factors of 131860.
2, 5, 19, 347
What are the prime factors of 25178?
2, 12589
What are the prime factors of 669?
3, 223
List the prime factors of 1851.
3, 617
List the prime factors of 198.
2, 3, 11
What are the prime factors of 1291?
1291
What are the prime factors of 15648?
2, 3, 163
What are the prime factors of 6136?
2, 13, 59
List the prime factors of 59275.
5, 2371
List the prime factors of 3139.
43, 73
List the prime factors of 677.
677
List the prime factors of 6190.
2, 5, 619
List the prime factors of 33498.
2, 3, 1861
What are the prime factors of 20599?
20599
List the prime factors of 52597.
149, 353
List the prime factors of 2043.
3, 227
List the prime factors of 11213.
11213
What are the prime factors of 5872?
2, 367
What are the prime factors of 1766?
2, 883
What are the prime factors of 698?
2, 349
What are the prime factors of 99251?
99251
What are the prime factors of 1864?
2, 233
What are the prime factors of 19693?
47, 419
List the prime factors of 4159.
4159
What are the prime factors of 2341?
2341
List the prime factors of 106712.
2, 13339
List the prime factors of 524.
2, 131
What are the prime factors of 26336?
2, 823
List the prime factors of 888.
2